{"id":147,"date":"2015-02-04T20:47:03","date_gmt":"2015-02-04T19:47:03","guid":{"rendered":"http:\/\/espace-milieux.fr\/?page_id=147"},"modified":"2025-04-25T08:09:51","modified_gmt":"2025-04-25T07:09:51","slug":"contacts-2","status":"publish","type":"page","link":"https:\/\/espace-milieux.fr\/?page_id=147","title":{"rendered":"L&rsquo;\u00e9quipe du master"},"content":{"rendered":"\n<div class=\"wp-block-jetpack-tiled-gallery aligncenter is-style-rectangular\"><div class=\"tiled-gallery__gallery\"><div class=\"tiled-gallery__row\"><div class=\"tiled-gallery__col\" style=\"flex-basis:67.71745%\"><figure class=\"tiled-gallery__item\"><img decoding=\"async\" alt=\"\" data-height=\"200\" data-id=\"858\" data-link=\"https:\/\/espace-milieux.fr\/?attachment_id=858\" data-url=\"http:\/\/espace-milieux.fr\/wp-content\/uploads\/2019\/10\/s200_denis.chartier.jpg\" data-width=\"200\" src=\"https:\/\/i0.wp.com\/espace-milieux.fr\/wp-content\/uploads\/2019\/10\/s200_denis.chartier.jpg\" data-amp-layout=\"responsive\"><\/figure><\/div><div class=\"tiled-gallery__col\" style=\"flex-basis:32.28255%\"><figure class=\"tiled-gallery__item\"><img decoding=\"async\" alt=\"\" data-height=\"250\" data-id=\"860\" data-link=\"https:\/\/espace-milieux.fr\/?attachment_id=860\" data-url=\"http:\/\/espace-milieux.fr\/wp-content\/uploads\/2019\/10\/Clelia_Bilodeau-e1572268714443.jpg\" data-width=\"250\" src=\"https:\/\/i1.wp.com\/espace-milieux.fr\/wp-content\/uploads\/2019\/10\/Clelia_Bilodeau-e1572268714443.jpg\" data-amp-layout=\"responsive\"><\/figure><figure class=\"tiled-gallery__item\"><img decoding=\"async\" alt=\"\" data-height=\"76\" data-id=\"861\" data-link=\"https:\/\/espace-milieux.fr\/?attachment_id=861\" data-url=\"http:\/\/espace-milieux.fr\/wp-content\/uploads\/2019\/10\/IMG_20160512_160515-768x1024.jpg\" data-width=\"70\" src=\"https:\/\/i2.wp.com\/espace-milieux.fr\/wp-content\/uploads\/2019\/10\/IMG_20160512_160515-768x1024.jpg\" data-amp-layout=\"responsive\"><\/figure><\/div><\/div><div class=\"tiled-gallery__row\"><div class=\"tiled-gallery__col\" style=\"flex-basis:26.59365%\"><figure class=\"tiled-gallery__item\"><img decoding=\"async\" alt=\"\" data-height=\"219\" data-id=\"862\" data-link=\"https:\/\/espace-milieux.fr\/?attachment_id=862\" data-url=\"http:\/\/espace-milieux.fr\/wp-content\/uploads\/2019\/10\/clauzel-c-photo.png\" data-width=\"201\" src=\"https:\/\/i2.wp.com\/espace-milieux.fr\/wp-content\/uploads\/2019\/10\/clauzel-c-photo.png\" data-amp-layout=\"responsive\"><\/figure><\/div><div class=\"tiled-gallery__col\" style=\"flex-basis:23.02028%\"><figure class=\"tiled-gallery__item\"><img decoding=\"async\" alt=\"\" data-height=\"252\" data-id=\"863\" data-link=\"https:\/\/espace-milieux.fr\/?attachment_id=863\" data-url=\"http:\/\/espace-milieux.fr\/wp-content\/uploads\/2019\/10\/000000181928_L_Gresillon-Etienne.jpg\" data-width=\"200\" src=\"https:\/\/i1.wp.com\/espace-milieux.fr\/wp-content\/uploads\/2019\/10\/000000181928_L_Gresillon-Etienne.jpg\" data-amp-layout=\"responsive\"><\/figure><\/div><div class=\"tiled-gallery__col\" style=\"flex-basis:26.13733%\"><figure class=\"tiled-gallery__item\"><img decoding=\"async\" alt=\"\" data-height=\"2560\" data-id=\"876\" data-link=\"https:\/\/espace-milieux.fr\/?attachment_id=876\" data-url=\"http:\/\/espace-milieux.fr\/wp-content\/uploads\/2020\/03\/photo-n-blanc-924x1024.jpg\" data-width=\"2309\" src=\"https:\/\/i2.wp.com\/espace-milieux.fr\/wp-content\/uploads\/2020\/03\/photo-n-blanc-924x1024.jpg\" data-amp-layout=\"responsive\"><\/figure><\/div><div class=\"tiled-gallery__col\" style=\"flex-basis:24.24874%\"><figure class=\"tiled-gallery__item\"><img decoding=\"async\" alt=\"\" data-height=\"611\" data-id=\"993\" data-link=\"https:\/\/espace-milieux.fr\/?attachment_id=993\" data-url=\"http:\/\/espace-milieux.fr\/wp-content\/uploads\/2020\/03\/Photo-FB2.jpg\" data-width=\"511\" src=\"https:\/\/i2.wp.com\/espace-milieux.fr\/wp-content\/uploads\/2020\/03\/Photo-FB2.jpg\" data-amp-layout=\"responsive\"><\/figure><\/div><\/div><\/div><\/div>\n\n\n<p><a href=\"https:\/\/www.ladyss.com\/chartier-denis\" target=\"_blank\" rel=\"noopener\">Denis Chartier<\/a>, <span style=\"font-size: revert;\"><a href=\"https:\/\/www.researchgate.net\/profile\/Francois-Bouteau\" target=\"_blank\" rel=\"noopener\">Fran\u00e7ois Bouteau<\/a>,<a href=\"https:\/\/www.ladyss.com\/bilodeau-clelia\" target=\"_blank\" rel=\"noopener\"> Cl\u00e9lia Bilodeau,<\/a> <a href=\"https:\/\/www.ladyss.com\/gresillon-etienne\" target=\"_blank\" rel=\"noopener\">Etienne Gr\u00e9sillon<\/a>, <a href=\"https:\/\/www.ladyss.com\/blanc-nathalie\" target=\"_blank\" rel=\"noopener\">Nathalie Blanc<\/a>, <a href=\"https:\/\/www.researchgate.net\/profile\/Patrick-Laurenti\" target=\"_blank\" rel=\"noopener\">Patrick Laurenti<\/a><\/span><\/p>\n<p><strong>Responsables de la formation\u00a0: <\/strong>Etienne Gr\u00e9sillon &amp; Fran\u00e7ois Bouteau<br \/><strong>Responsable recherche :<\/strong> Denis Chartier<\/p>\n<p><b>E-mail<\/b><b>\u00a0<\/b>: <a class=\"libConsult3\" href=\"mailto:direction.espace.milieux@gmail.com\">direction.espace.milieux@gmail.com,<\/a> \u00a0 <b>T\u00e9l<\/b><b>. : <\/b>01 57 27 58 96<br \/><b><\/b><\/p>\n<p><b>Bureau<\/b> : salle 307, 3\u00e8me \u00e9tage<br \/>B\u00e2timent Olympe de Gouges<br \/><a href=\"http:\/\/espace-milieux.fr\/wp-content\/uploads\/2015\/02\/PlanDAccesOlympeDeGouges1.jpg\"><img loading=\"lazy\" decoding=\"async\" class=\"wp-image-103 alignright\" src=\"http:\/\/espace-milieux.fr\/wp-content\/uploads\/2015\/02\/PlanDAccesOlympeDeGouges1-300x214.jpg\" alt=\"PlanDAccesOlympeDeGouges\" width=\"335\" height=\"239\" srcset=\"https:\/\/espace-milieux.fr\/wp-content\/uploads\/2015\/02\/PlanDAccesOlympeDeGouges1-300x214.jpg 300w, https:\/\/espace-milieux.fr\/wp-content\/uploads\/2015\/02\/PlanDAccesOlympeDeGouges1-1024x729.jpg 1024w, https:\/\/espace-milieux.fr\/wp-content\/uploads\/2015\/02\/PlanDAccesOlympeDeGouges1-624x444.jpg 624w, https:\/\/espace-milieux.fr\/wp-content\/uploads\/2015\/02\/PlanDAccesOlympeDeGouges1.jpg 1500w\" sizes=\"(max-width: 335px) 100vw, 335px\" \/><\/a>Place Paul Ricoeur, Paris 13\u00e8me<\/p>\n<p><strong>Adresse postale :<\/strong><br \/>Master 2 Espace et Milieux-Territoires Ecologiques, Universit\u00e9 de Paris<br \/>case 7001, 75 205 PARIS CEDEX 13<\/p>\n<p><strong>Equipe administrative\u00a0<\/strong> <strong>pour la mention Risque et Environnement :<br \/><\/strong>UFR Sciences du Vivant : <strong>Adeline Le Gal<\/strong>, tel : <b>\u00a001 57 27 82 47<\/b><br \/>E-mail : adeline.le-gal @u-paris.fr<\/p>\n<p>Localisation UFR Sciences du Vivant, B\u00e2t Lamarck B, Bureau RH54 (rez-de-chauss\u00e9e haut), 35, rue H\u00e9l\u00e8ne Brion<\/p>\n<p><strong>Equipe administrative\u00a0<\/strong> <strong>pour la mention G\u00e9ographie Am\u00e9nagement Environnement et D\u00e9veloppement<\/strong><\/p>\n<p>UFR GHES : Elisabeth Laffont, T\u00e9l : 01 57 27 58 98<br \/>E-mail : elisabeth.laffont@u-paris.fr<\/p>\n<p>Localisation : 8, place Paul Ricoeur, b\u00e2timent Olympe de Gouges, 4\u00e9me \u00e9tage<\/p>\n<p><strong>Pour l&rsquo;alternance et formation continue<br \/><\/strong>UFR GHES :<\/p>\n<p><b>C\u00e9cile Medonne, Tel 01 57 27 71 87 Email : <a href=\"mailto:cecile.medonne@u-paris.fr\" target=\"_blank\" rel=\"noopener\">cecile.medonne@u-paris.fr<\/a><\/b><\/p>\n<p>Localisation : 8, place Paul Ricoeur, b\u00e2timent Olympe de Gouges, 4\u00e9me \u00e9tage, bureau 490<\/p>\n<p><strong>Nathalia Kapferer<\/strong>, T\u00e9l : 01 57 27 58 98<br \/>E-mail : <a href=\"mailto:nathalia.kapferer@u-paris.fr\">nathalia.kapferer@u-paris.fr<\/a><\/p>\n<p>Localisation : 8, place Paul Ricoeur, b\u00e2timent Olympe de Gouges, 4\u00e9me \u00e9tage, bureau 402<\/p>\n\n\n<p><\/p>\n\n\n<ul class=\"wp-block-page-list\"><li class=\"wp-block-pages-list__item has-child\"><a class=\"wp-block-pages-list__item__link\" href=\"https:\/\/espace-milieux.fr\/?page_id=149\">Le cursus<\/a><ul class=\"wp-block-navigation__submenu-container\"><li class=\"wp-block-pages-list__item \"><a class=\"wp-block-pages-list__item__link\" href=\"https:\/\/espace-milieux.fr\/?page_id=1018\">Programme des deux M1<\/a><\/li><li class=\"wp-block-pages-list__item \"><a class=\"wp-block-pages-list__item__link\" href=\"https:\/\/espace-milieux.fr\/?page_id=154\">Programme du master 2<\/a><\/li><li class=\"wp-block-pages-list__item \"><a class=\"wp-block-pages-list__item__link\" href=\"https:\/\/espace-milieux.fr\/?page_id=158\">Alternance et Formation continue<\/a><\/li><\/ul><\/li><li class=\"wp-block-pages-list__item menu-item-home\"><a class=\"wp-block-pages-list__item__link\" href=\"https:\/\/espace-milieux.fr\/\">Master Espace et Milieux : Territoires Ecologiques<\/a><\/li><li class=\"wp-block-pages-list__item\"><a class=\"wp-block-pages-list__item__link\" href=\"https:\/\/espace-milieux.fr\/?page_id=156\">Candidature<\/a><\/li><li class=\"wp-block-pages-list__item\"><a class=\"wp-block-pages-list__item__link\" href=\"https:\/\/espace-milieux.fr\/?page_id=1023\">Insertion<\/a><\/li><li class=\"wp-block-pages-list__item\"><a class=\"wp-block-pages-list__item__link\" href=\"https:\/\/espace-milieux.fr\/?page_id=147\">L&rsquo;\u00e9quipe du master<\/a><\/li><li class=\"wp-block-pages-list__item has-child\"><a class=\"wp-block-pages-list__item__link\" href=\"https:\/\/espace-milieux.fr\/?page_id=74\">Expertises Territoriales<\/a><ul class=\"wp-block-navigation__submenu-container\"><li class=\"wp-block-pages-list__item \"><a class=\"wp-block-pages-list__item__link\" href=\"https:\/\/espace-milieux.fr\/?page_id=89\">Liste des expertises<\/a><\/li><\/ul><\/li><li class=\"wp-block-pages-list__item\"><a class=\"wp-block-pages-list__item__link\" href=\"https:\/\/espace-milieux.fr\/?page_id=125\">Activit\u00e9s scientifiques<\/a><\/li><li class=\"wp-block-pages-list__item\"><a class=\"wp-block-pages-list__item__link\" href=\"https:\/\/espace-milieux.fr\/?page_id=99\">Vie du master en images<\/a><\/li><li class=\"wp-block-pages-list__item\"><a class=\"wp-block-pages-list__item__link\" href=\"https:\/\/espace-milieux.fr\/?page_id=183\">Association E&amp;M<\/a><\/li><\/ul>","protected":false},"excerpt":{"rendered":"<p>Denis Chartier, Fran\u00e7ois Bouteau, Cl\u00e9lia Bilodeau, Etienne Gr\u00e9sillon, Nathalie Blanc, Patrick Laurenti Responsables de la formation\u00a0: Etienne Gr\u00e9sillon &amp; Fran\u00e7ois BouteauResponsable recherche : Denis Chartier E-mail\u00a0: direction.espace.milieux@gmail.com, \u00a0 T\u00e9l. : 01 57 27 58 96 Bureau : salle 307, 3\u00e8me \u00e9tageB\u00e2timent Olympe de GougesPlace Paul Ricoeur, Paris 13\u00e8me Adresse postale :Master 2 Espace et Milieux-Territoires &hellip; <a href=\"https:\/\/espace-milieux.fr\/?page_id=147\" class=\"more-link\">Continuer la lecture de <span class=\"screen-reader-text\">L&rsquo;\u00e9quipe du master<\/span>  <span class=\"meta-nav\">&rarr;<\/span><\/a><\/p>\n","protected":false},"author":1,"featured_media":0,"parent":0,"menu_order":2,"comment_status":"closed","ping_status":"closed","template":"","meta":{"footnotes":""},"_links":{"self":[{"href":"https:\/\/espace-milieux.fr\/index.php?rest_route=\/wp\/v2\/pages\/147"}],"collection":[{"href":"https:\/\/espace-milieux.fr\/index.php?rest_route=\/wp\/v2\/pages"}],"about":[{"href":"https:\/\/espace-milieux.fr\/index.php?rest_route=\/wp\/v2\/types\/page"}],"author":[{"embeddable":true,"href":"https:\/\/espace-milieux.fr\/index.php?rest_route=\/wp\/v2\/users\/1"}],"replies":[{"embeddable":true,"href":"https:\/\/espace-milieux.fr\/index.php?rest_route=%2Fwp%2Fv2%2Fcomments&post=147"}],"version-history":[{"count":58,"href":"https:\/\/espace-milieux.fr\/index.php?rest_route=\/wp\/v2\/pages\/147\/revisions"}],"predecessor-version":[{"id":1313,"href":"https:\/\/espace-milieux.fr\/index.php?rest_route=\/wp\/v2\/pages\/147\/revisions\/1313"}],"wp:attachment":[{"href":"https:\/\/espace-milieux.fr\/index.php?rest_route=%2Fwp%2Fv2%2Fmedia&parent=147"}],"curies":[{"name":"wp","href":"https:\/\/api.w.org\/{rel}","templated":true}]}}